
11
Suppose -4*x + 386 - 90 = 0. Calculate the remainder when x is divided by 26.
22
Suppose -2 - 2 = -b, -3*b - 58 = -5*z. Suppose -4*s = 20, 15*a - 6*s + 4 = 16*a. Calculate the remainder when a is divided by z.
6
Suppose 0 = -6*a - 67 + 655. Calculate the remainder when a is divided by 20.
18
Let t(g) = -g**3 + 8*g**2 + 4*g + 22. Let r be t(8). Let o = -32 + r. Calculate the remainder when 81 is divided by o.
15
Let h(t) = t**2 - 6*t - 5. Let q = -106 + -3. Let g = q + 195. What is the remainder when g is divided by h(9)?
20
Let x be (-789)/(-27) - 4/18. Let v = x - 18. Let s = 51 - 19. Calculate the remainder when s is divided by v.
10
Let z = 25 - 412. Let i = -270 - z. What is the remainder when 49 is divided by i/7 - 16/(-56)?
15
What is the remainder when 241 is divided by ((-2928)/288)/((-1)/6)?
58
Suppose -2*s + 40 = 4*m, 2*m - 4*s - 31 = 9. Suppose -2*b + m = -12. What is the remainder when 44*2/(2 + 2) is divided by b?
10
Let m be 14/(-7) - 2/(-2). What is the remainder when (-51 + 8/2)*m is divided by 25?
22
Let u(v) = v**3 + 9*v**2 + 2*v + 7. Let y(x) = 78*x**2 - 12*x - 14. Calculate the remainder when u(-6) is divided by y(1).
51
Suppose -14 = k + 5*y + 1, -k + 4*y + 30 = 0. Suppose 12*g - 14 = k*g. What is the remainder when 27 is divided by g?
6
Suppose 53*j + 651 = 60*j. What is the remainder when 257 is divided by j?
71
Suppose 40 = -259*s + 264*s. What is the remainder when 341 is divided by s?
5
Suppose g + x - 24 = 28, -4*g + 3*x = -222. Let v = -6403 - -6432. Calculate the remainder when g is divided by v.
25
Suppose -12 = -y + 5*y, 0 = -4*c + y + 59. What is the remainder when 96 is divided by c?
12
Calculate the remainder when 438 is divided by (-86)/(-4) - 15/(-30).
20
What is the remainder when 33 is divided by (32/(-10))/((-36)/180)?
1
Let w = 122 - -66. Calculate the remainder when w is divided by 27.
26
Let h(i) = 6 + i**3 + 0*i**2 - 3*i**2 + 8*i**2 + 8*i + 2*i**2. What is the remainder when 91 is divided by h(-5)?
11
Let k(s) = s**3 + 7*s**2 - 5*s + 20. Let p be k(-8). Let l = p + 59. Calculate the remainder when l is divided by 29.
26
Let s be 1/7 + (-6)/(-7). Let c be (-2)/(0 - s) - -3. Suppose 330 = 5*z + 7*k - 2*k, -c*k = -25. Calculate the remainder when z is divided by 16.
13
Suppose -4*w - 15*w - 3990 = 0. What is the remainder when 2 - 1 - (-31)/((-155)/w) is divided by 11?
10
Let d(s) = -9*s - 115. Calculate the remainder when d(-35) is divided by 26.
18
Let h(y) = 7*y + 66. Calculate the remainder when h(-5) is divided by 1.
0
Suppose 10*y + 5 - 85 = 0. Calculate the remainder when 253 is divided by y.
5
Calculate the remainder when 225 is divided by 11/((-88)/(-592)) + 2 + -2.
3
Suppose w - 10 = 48. Suppose 18*x - 75 = 13*x. What is the remainder when w is divided by x?
13
Suppose 107 - 497 = -4*o - 2*u, -4*o - 3*u + 389 = 0. Suppose -9*g - 4*i + o = -4*g, 0 = g + 5*i - 7. What is the remainder when 86 is divided by g?
20
Suppose 3*k = 19*k - 112. What is the remainder when 62 is divided by k?
6
Let a = 11 - 12. Let o = 3 - a. Suppose -87 = -o*v + 73. What is the remainder when v is divided by 14?
12
Suppose -9*l + 4*k = -14*l - 1, 0 = 4*l - k - 16. Calculate the remainder when 4 is divided by l.
1
Let k(x) = x**3 - 4*x**2 - 3*x + 3. What is the remainder when k(5) is divided by (-3)/(10/(-8) + 13/26)?
1
Suppose -26*g + 258 + 184 = 0. What is the remainder when 2*-1 - (0 + -52) is divided by g?
16
Let q(r) = -r**2 - 27*r - 23. What is the remainder when q(-15) is divided by 33?
25
Suppose 0 = -3*f - 4*o + 37 + 122, 4*f + 2*o = 212. What is the remainder when 78 is divided by f?
25
Suppose -5*c = -4*c - 5*d - 56, 16 = c + 3*d. Calculate the remainder when c is divided by 1/(3 + 23/(-8)).
7
Let q(k) = 170*k**2 - 4*k. What is the remainder when q(1) is divided by 43?
37
Suppose 10*o - 77 = 3*o. Calculate the remainder when ((-168)/5)/(-4)*5 is divided by o.
9
Suppose -6*f - 112 = 68. Let d = f + 56. What is the remainder when d is divided by (-2)/6 - 92/(-6)?
11
Suppose -6*k + 3*k + 6 = 0. What is the remainder when 97 is divided by (-1740)/(-70) + k/14?
22
Let k = -32 + 31. Let f(t) = 33*t**2. What is the remainder when f(k) is divided by 6?
3
Suppose 4*l + 64 = 2*m, -4*m + 3*l = 75 - 178. Let c be (252/48 + (-2)/8)/1. Suppose 144 + 171 = c*x. Calculate the remainder when x is divided by m.
19
Suppose -49 + 11 = -3*y + 4*h, 5*y = 4*h + 66. Let g be (1*-1 + 0)*(-85)/5. Suppose -21*s = -g*s - 212. What is the remainder when s is divided by y?
11
Let a(r) = 19*r**2 + r. Let b be 2*3*(-273)/(-26). Suppose 2*j - i - 150 = -3*i, j - b = -4*i. Calculate the remainder when j is divided by a(1).
19
Suppose -3*u = 2*u - 40. Calculate the remainder when 1*(72 - (0 - u)/(-4)) is divided by 12.
10
Let z(h) = -h**3 - 5*h**2 + 19*h + 5. Calculate the remainder when z(-9) is divided by 20.
18
Let f(b) = 2*b**2 + 3*b - 35. What is the remainder when f(8) is divided by 12?
9
Suppose -2*b - 2 = j + 16, -5*j = 4*b + 30. Let l = b - -18. Suppose l*q - 4*q - 24 = 0. What is the remainder when 28 is divided by q?
4
Suppose 3*c = -9*c + 144. Suppose -936 = -0*s - c*s. Calculate the remainder when s is divided by 16.
14
Let v(d) = 10*d**2 - 4*d + 1 + 2*d - 3. Calculate the remainder when 133 is divided by v(2).
31
Suppose v - 6 = -2. Suppose v*i = 4*w - 0*w, -4 = 4*w - 5*i. What is the remainder when 5 is divided by -1 + 2 - w/(-2)?
2
Let d = -189 - -272. Calculate the remainder when 658 is divided by d.
77
Suppose 7*f = 568 + 937. Calculate the remainder when f is divided by 27.
26
Suppose -2*s = 4*d - 8, -5*s = 2*d + 2*d - 8. Suppose s = -2*v - 20. Let p(r) = -r**3 - 11*r**2 - 12*r - 9. Calculate the remainder when 32 is divided by p(v).
10
Let o = 122 + -69. What is the remainder when 794 is divided by o?
52
Let s = -1 + 2. Let v(l) = 6*l**2 + 2*l - 1. Calculate the remainder when 18 is divided by v(s).
4
Let o = -13 - -54. Suppose -2*t + 11 = -o. Suppose k = 5*d + 36, 2*k - 3*k + 3*d + t = 0. What is the remainder when 20 is divided by k?
9
Suppose 9 = 3*i, 3*r = -2*r - i - 787. Let j = 225 + r. What is the remainder when j is divided by 34?
33
Suppose 5*l + 2 = -2*g + 148, l = -5*g + 43. Suppose -26 = -z + 4*o, 4*z - 2*o - 48 = l. What is the remainder when 67 is divided by z?
13
Let d = -552 + 560. Suppose -2*a - a + 53 = -4*g, 23 = a - 4*g. Suppose 5*z + a = 90. Calculate the remainder when z is divided by d.
7
Let q(f) = f**3 + 6*f**2 + 10*f + 7. Let u be q(-6). Let i = 94 + u. Suppose -705*a + 105 = -698*a. What is the remainder when i is divided by a?
11
Let v(n) = 2*n**2 + 3*n - 6. Calculate the remainder when 166 is divided by v(2).
6
Suppose 2*c = 3*c - 4*d - 8, -48 = -c - 4*d. Let y = -258 - -313. Calculate the remainder when y is divided by c.
27
Suppose -7*d = -12*d - b + 300, 0 = -4*d + 5*b + 211. Let t(p) = -p + 7. What is the remainder when d is divided by t(-5)?
11
Suppose -79 = -3*g - 2*z, 4*g - 5*z = -53 + 143. Let r = 15 - -6. Let h = g - r. Calculate the remainder when 14 is divided by h.
2
Suppose -8548 = -31*r - 3309. Calculate the remainder when r is divided by 43.
40
Let t = 12 - -20. Let u = 3 + t. Let h(f) = 2*f**2 + 1. Calculate the remainder when u is divided by h(-2).
8
Let q = -68 - -74. Suppose q*o = -2*o + 376. Calculate the remainder when o is divided by 24.
23
Suppose -4*h + 188 = 3*r, 16*h - 11*h - 2*r - 212 = 0. Calculate the remainder when 76 is divided by h.
32
Suppose s - 2*r + 132 = 5*s, 0 = 2*r + 8. Suppose 0*f = 2*f - 76. Calculate the remainder when f is divided by (28/s)/(4/50).
8
Let y(u) = u**3 - 6*u**2 + 2. Let j = -28 + 30. Suppose -j*g = 4*s - 6, -3*s - s + 7 = 3*g. What is the remainder when y(6) is divided by s?
0
Suppose 0 = -2*j + 8, -k + j + 23 + 41 = 0. What is the remainder when k is divided by 35?
33
Let z be (-1)/2*(-19)/((-38)/(-132)). Let n = z + 13. Calculate the remainder when 180 is divided by n.
42
Let b = 53 + -58. Let f = b + 29. What is the remainder when f is divided by 15?
9
Suppose 11*z + 6 = 14*z. Let l(a) = 16 + 18 + a + a**3 - 31. Calculate the remainder when l(0) is divided by z.
1
Let q(y) = -9*y + 7. Suppose -28*m + 4*m = -864. What is the remainder when q(-7) is divided by m?
34
Let h = 138 + -76. Calculate the remainder when 115 is divided by 